 n(c) = -3*c**3 - 34*c**2 - 8811*c - 96817. Calculate n(-11).
-17
Let l(n) = 846*n - 1661. Determine l(2).
31
Let o(n) = -n**3 + 13*n**2 + 582*n - 5004. What is o(8)?
-28
Let b(i) = -7*i**3 + 155*i**2 - 62*i + 18. Calculate b(22).
-862
Let j(q) = 16*q**2 - 7312*q - 82364. Determine j(468).
4
Let p(x) = 165*x**2 - 862*x + 99. Give p(5).
-86
Let l(j) = -24*j**2 + 5915*j + 45973. Calculate l(254).
-1
Let h(j) = -122*j**2 - 5924*j + 97635. Give h(13).
5
Let x(t) = -t**3 + 15*t**2 + 5*t + 22. Determine x(13).
425
Let m(j) = j**3 + 2*j**2 + 2678*j + 18906. Calculate m(-7).
-85
Let z(y) = 3*y**3 - 113*y**2 + 1065*y - 12. Give z(19).
7
Let x(k) = -10*k**2 + 239*k - 2605. Give x(11).
-1186
Let u(p) = 449334*p - 4942673. Calculate u(11).
1
Let s(h) = -h**2 - 2525*h - 145485. Determine s(-59).
9
Let k(d) = -d**3 + 383*d**2 - 6530*d - 14656. Determine k(365).
-56
Let a(m) = -m**2 - 1365*m + 385194. Determine a(240).
-6
Let m(p) = 8*p**3 + 45*p**2 + 4*p + 41. What is m(-4)?
233
Let p(y) = 42*y**2 + 559*y - 448. What is p(-14)?
-42
Let p(n) = 9*n**3 - 372*n**2 + 114*n + 549. Determine p(41).
180
Let t(k) = -5632*k + 6633. Give t(1).
1001
Let v(l) = l**3 + 301*l**2 + 21891*l - 682. Determine v(-178).
-148
Let f(g) = 3*g**3 - 13*g**2 + 23377*g - 93497. Calculate f(4).
-5
Let d(t) = t**3 + 433*t**2 - 251*t + 79417. Calculate d(-434).
-5
Let s(n) = 1789*n + 75134. Determine s(-42).
-4
Let f(r) = 5*r**2 + 3091*r + 30696. What is f(-10)?
286
Let k(x) = -x**3 + 367*x**2 + 1482*x + 734. What is k(371)?
-8
Let u(m) = 912*m - 185119. Determine u(203).
17
Let g(h) = -223*h**2 - 3570*h - 31. Calculate g(-16).
1
Let n(i) = -2*i**3 - 98*i**2 + 217*i + 512. Calculate n(-51).
-151
Let o(j) = -55866*j - 335213. Calculate o(-6).
-17
Let o(l) = 265*l**2 + 3735*l + 3474. Calculate o(-1).
4
Let b(d) = -12*d**2 - 416*d - 284. Calculate b(-34).
-12
Let f(n) = n**3 + 17*n**2 - 255*n + 20. What is f(11)?
603
Let d(n) = -69*n**3 + 473*n**2 + 955*n - 6178. Calculate d(7).
17
Let h(c) = 183*c - 2829. Calculate h(12).
-633
Let g(c) = 407*c + 2487. Give g(-7).
-362
Let f(h) = 50*h**3 + 5*h**2 - 3*h - 12. What is f(-3)?
-1308
Let h(j) = -132*j - 16731. Determine h(-129).
297
Let g(u) = -11*u**3 + 45*u**2 - 138*u + 20. Determine g(3).
-286
Let l(i) = -i**2 + 1496*i + 123415. Give l(-79).
-1010
Let m(o) = 36*o**2 + 16435*o + 231160. Calculate m(-442).
-6
Let i(o) = 6*o**2 - 525*o + 45. Determine i(84).
-1719
Let o(y) = y**3 + 245*y**2 + 2841*y + 10490. What is o(-233)?
5
Let y(o) = o**2 + 50*o - 196. Give y(-15).
-721
Let d(y) = -2179*y - 217807. Calculate d(-100).
93
Let j(x) = -255*x - 4804. Give j(-19).
41
Let d(p) = 72*p + 1879. What is d(-33)?
-497
Let s(q) = -187*q**2 + 480*q + 1067. Give s(4).
-5
Let o(i) = i**2 + 90174*i - 6226760. What is o(69)?
7
Let p(y) = -y**3 + 74*y**2 - 1155*y - 462. Give p(48).
4002
Let t(q) = -q**2 - 15965*q + 159743. Give t(10).
-7
Let j(w) = -2*w**3 - 24*w**2 + 268*w + 2600. Calculate j(-15).
-70
Let p(x) = 4*x**3 + 175*x**2 + 321*x + 1075. Determine p(-42).
-59
Let l(v) = v**2 + 310493*v - 2484010. Give l(8).
-2
Let t(l) = -29013*l + 7775492. What is t(268)?
8
Let p(m) = -3*m**3 - 17*m**2 + 91*m + 348. Determine p(-4).
-96
Let l(y) = 184725*y - 369438. What is l(2)?
12
Let p(v) = 327*v**2 - 8185*v + 255. Determine p(25).
5
Let f(w) = -2*w**3 - 82*w**2 - 900*w + 42. Give f(-21).
1302
Let h(m) = -9535*m - 28374. Give h(-3).
231
Let j(y) = 195*y**2 + 1264*y - 7613. Give j(6).
6991
Let k(g) = -1182*g + 4201. Determine k(3).
655
Let g(w) = -56*w**2 - 1226*w - 1019. Calculate g(-21).
31
Let m(l) = 60*l**2 + 163*l - 690. Determine m(-5).
-5
Let j(p) = 1369*p + 20388. Determine j(-13).
2591
Let t(o) = -o**3 - 129*o**2 - 130*o + 35. Calculate t(-128).
291
Let o(l) = 685*l - 284858. Determine o(416).
102
Let s(m) = 272*m**2 + 2105*m + 4204. Give s(-2).
1082
Let b(v) = -v**3 + 257*v**2 + 34*v - 74219. Determine b(256).
21
Let j(f) = -f**3 - 171*f**2 - 530*f - 2560. What is j(-168)?
1808
Let t(x) = x**2 - 47*x - 811. Determine t(-7).
-433
Let t(f) = f**3 - 4*f**2 - 7*f - 204. Give t(7).
-106
Let i(v) = v**2 - 698*v - 125324. What is i(-148)?
-116
Let m(a) = -11*a**2 - 9052*a - 35208. What is m(-819)?
9
Let f(v) = v**2 + 170*v + 6117. What is f(-54)?
-147
Let d(a) = a**3 + 60*a**2 + 188*a - 82. Calculate d(-57).
-1051
Let i(c) = c**3 - 4*c**2 - 270*c - 1592. Determine i(-6).
-332
Let k(m) = -m**2 - 5522*m + 1014522. What is k(178)?
-78
Let q(u) = -11858*u - 415072. What is q(-35)?
-42
Let i(f) = 1749118*f + 8745593. Determine i(-5).
3
Let y(t) = -3*t**2 + 694*t - 3393. What is y(5)?
2
Let b(o) = 2*o**2 - 21495*o + 193298. Give b(9).
5
Let f(u) = 2*u**2 + 804*u - 70392. Give f(74).
56
Let i(m) = 390*m + 88177. What is i(-226)?
37
Let u(j) = j**2 - 198*j - 1861. Give u(204).
-637
Let s(o) = -132*o**2 - 590*o + 2335. Determine s(-7).
-3
Let k(p) = p**2 - 17547*p - 210718. Calculate k(-12).
-10
Let d(r) = -328*r - 1081. Give d(-4).
231
Let n(k) = -k**2 + 1712*k - 719491. Determine n(741).
20
Let z(c) = c**3 - 142*c**2 - 1997*c + 44. Give z(-13).
-190
Let m(b) = b**2 - 2073*b + 107064. What is m(53)?
4
Let g(s) = -168*s + 8308. Calculate g(50).
-92
Let v(w) = w**3 + 405*w**2 + 3263*w + 34490. Give v(-397).
-49
Let t(x) = x**3 + 34*x**2 - 152*x - 9. Give t(-38).
-9
Let y(n) = 536*n - 11478. Determine y(23).
850
Let g(m) = -26669*m - 480033. Calculate g(-18).
9
Let v(o) = 5*o**3 + 7*o**2 + 103*o + 195. Determine v(-2).
-23
Let u(s) = -s**3 + 230*s**2 - 1108*s - 3821. Determine u(225).
4
Let g(u) = -u**3 + 255*u**2 + 6303*u + 25288. Calculate g(278).
-10
Let y(v) = 66443*v + 796812. Determine y(-12).
-504
Let k(p) = 121013*p - 726076. Determine k(6).
2
Let z(a) = 1145*a + 17179. What is z(-15)?
4
Let n(a) = 545*a**2 + 7083*a - 5. Calculate n(-13).
21
Let w(z) = 262*z + 6477. Calculate w(-27).
-597
Let d(x) = 24*x**3 - 7*x**2 + 10657*x - 21288. What is d(2)?
190
Let k(d) = -15*d**2 + 1889*d + 4081. What is k(128)?
113
Let s(n) = 2*n**3 + 28*n**2 - 111*n - 1115. Give s(-13).
666
Let y(p) = 2890*p + 5810. What is y(-2)?
30
Let s(q) = -q**3 - 203*q**2 - 386*q + 3293. Give s(-201).
77
Let z(u) = 163*u**2 + 1954*u - 428. Give z(-12).
-404
Let r(b) = 23765*b - 118222. Determine r(5).
603
Let j(q) = -13*q**3 - 39*q**2 - 33*q + 73. Determine j(1).
-12
Let a(o) = -7*o**2 + 26*o + 1119. Determine a(-21).
-2514
Let a(i) = -i**3 - 79*i**2 - 551*i + 31. Give a(-8).
-105
Let b(i) = 192*i**2 + 229*i + 23. What is b(-1)?
-14
Let r(t) = -127*t**2 + 7248*t - 517. Give r(57).
-4
Let l(p) = 2*p**2 - 10*p + 326. Determine l(-17).
1074
Let h(u) = 5*u**2 - 678*u + 1362. What is h(2)?
26
Let a(y) = -1001*y**2 + 10015*y - 20. What is a(10)?
30
Let f(p) = -10*p**2 + 256*p - 151. Determine f(24).
233
Let u(c) = -4300*c - 391172. What is u(-91)?
128
Let o(p) = -8*p**2 + 4238*p - 45929. Give o(11).
-279
Let t(c) = 2*c**3 + 198*c**2 + 90*c - 10402. Give t(-98).
-14
Let y(v) = -196025*v + 3136412. Determine y(16).
12
Let k(f) = -63338*f + 443266. Determine k(7).
-100
Let p(q) = 44*q**2 + 341*q + 550. Calculate p(-6).
88
Let w(k) = 1399*k + 3038. Determine w(-2).
240
Let v(k) = k**3 - 31*k**2 + 244*k - 256. Calculate v(19).
48
Let z(g) = 15*g**2 + 1845*g + 1060. What is z(-123)?
1060
Let o(a) = -a**3 + 13*a**2 - 29*a + 12. What is o(-9)?
2055
Let q(d) = -526*d + 8802. Calculate q(15).
912
Let l(f) = 834*f + 378597. Give l(-454).
-39
Let y(l) = 125766*l - 251534. What is y(2)?
-2
Let g(k) = -6330*k + 18988. Give g(3).
-2
Let q(s) = s**2 + 329*s + 3154. Calculate q(-9).
274
Let w(b) = -1117*b + 4624. What is w(4)?
156
Let o(g) = g**3 - 602*g**2 - 334*g - 162152. Determine o(603).
55
Let r(f) = 2*f**3 + 8*f**2 + 2266*f + 13737. Calculate r(-6).
-3
Let b(m) = -2*m**3 - 28*m**2 + 186*m - 51. Calculate b(-19).
25
Let f(x) = 1000*x - 1082. Calculate f(1).
-82
Let m(a) = -802*a + 3252. Calculate m(3).
846
Let n(a) = -3*a**3 + 27*a**2 + 168*a - 1868. Give n(11).
-746
Let o(i) = 5*i**2 + 2715*i - 4980. What is o(-545)?
470
Let u(l) = -276*l + 21740. Give u(78).
212
Let x(r) = r**3 + 7*r**2 - 17*r - 53. What is x(-9)?
-62
Let y(k) = -3*k**2 + 678*k - 4950. Calculate y(218).
282
Let c(g) = g**3 - 140*g**2 - 1034*g - 7. Calculate c(-7).
28
Let g(l) = -453*l**2 - 5901*l - 14. What is g(-13)?
142
Let f(v) = 1741*v**